+ 4).
-5
What is the value of (-4 - -9) + -11 + (0 - -13)?
7
Calculate -356 - -364 - (0 + (-3 - 16)).
27
What is -2 + 0 + (-9 - -4 - (-28 + 12))?
9
Evaluate (9 - 4) + -13 - (2 - (9 - 8)).
-9
What is the value of (33 + -48 - (1 + -9)) + 17 + 3?
13
6 + -5 - (4 + (2 - 15))
10
Calculate -1 + 3 + (7 + -12 - (3 + 3)).
-9
Calculate 9 - (-2 + (-8 - -16 - 8)).
11
Evaluate 1 + 0 + ((-8 - -3) + 16 - 5).
7
37 - (-20 + 28) - 49
-20
Evaluate -41 - -64 - (4 + -1).
20
What is (-1 - -14) + -36 + 16?
-7
What is -422 + 427 + (-1 - 1) + -16 + 6?
-7
(0 - -12) + (-196 - -194) - 29
-19
What is the value of (0 - 5) + 114 + -107?
2
What is -9 + 12 + -2 + 9?
10
What is the value of (6 - (-12 - -8)) + -3?
7
What is the value of -6 + (3 - 11 - -5) + -1?
-10
What is the value of 23 - 22 - (9 - 2) - -2?
-4
What is the value of 7 - -2 - (85 + -83 - (1 - 0))?
8
0 + -19 + 5 - -17
3
What is 1 + -1 - 27 - (944 + -963)?
-8
What is the value of 49 + -24 + -21 - 13?
-9
-15 - (-4 - (-7 - 7)) - -10
-15
Evaluate 0 + (-5 - -10) + -5 + 2 + 26.
28
128 - 57 - (-9 - -54)
26
Evaluate -385 + 396 + (4 - 1) + -2.
12
-12 + 2 + (-40 - -41) - -26
17
What is the value of 13 + -12 - 23 - -17 - (1 + 16)?
-22
Evaluate -1 + 0 - (626 - 624).
-3
Calculate 12 + (-13 + (-13 - -15) - 16).
-15
What is -5 + (-25 - -19) + 1?
-10
Evaluate 1 - -5 - (-261 + 271).
-4
Calculate 11 - (-10 - -14) - ((0 - -3) + -2).
6
Evaluate 7 + (-6 + 13 + 0 + -9 - 2).
3
1 - (-7 - -2) - (19 - (16 + 1))
4
-10 + -1 + -2 + 13 + -20
-20
-14 - 1 - -6 - (0 - (4 + 2))
-3
What is the value of (2 - (-25 + 6)) + -26?
-5
(49 - 30) + (-11 - 4)
4
Evaluate -6 + (-4 - 0) + 28 + (-18 - -18).
18
What is (-6 - -6) + 1 + 5 + -2?
4
What is 19 + (-46 - -10) - -4?
-13
1 + 8 - (-4 + -8 + 21 + -9)
9
What is the value of -5 + (9 - 8) + 0 - 18?
-22
What is -10 + 3 + 0 + 15 - 14?
-6
What is (0 + -13 + 9 - -14) + (-8 - -1)?
3
-2 - 5 - (25 - (-4 - -26))
-10
What is -5 + -1 + -689 + 702?
7
-6 + 27 + -11 + -23
-13
What is 2 - 0 - (7 - -1) - (-131 - -128)?
-3
What is the value of -159 - -187 - (58 + 0)?
-30
What is the value of 5 - 1 - (1 - 10 - (-129 - -103))?
-13
Calculate -8 + (-6 - (-19 - -4)) + 13.
14
15 - (-15 + (10 - -12))
8
What is 7 + 28 + -71 + 13 + -1?
-24
Evaluate 105 + -101 - (2 + 10).
-8
Evaluate -2 - (-24 + (12 - 11)).
21
What is (-2 - 34 - -21) + -10?
-25
Evaluate -11 - ((-2 - 3 - (-9 + 6)) + 12).
-21
6 - (17 + -13 - -7)
-5
What is 203 + -187 + -18 + 4?
2
What is the value of -19 - (-1 + 15 + -21)?
-12
Evaluate 5 - 8 - (-37 + (11 - 0)).
23
What is -10 - (-5 + (9 - 2) + -11)?
-1
What is (-23 - -27) + 25 + -11?
18
What is (-7 - 18 - -33) + 11 + -1?
18
(-14 - (0 + -7 - (-3 + 4))) + 7
1
26 + -31 - (0 - 1)
-4
Evaluate (15 - (0 - -4)) + (-22 + 57 - 35).
11
What is the value of 18 + -29 - (-3 - 6 - -3)?
-5
-10 + (-7 - (2 + -1)) + (1 - -11)
-6
What is 10 + -11 - ((12 - -10) + 0 + 10)?
-33
What is (2 - (0 - 4)) + 91 + -88?
9
Evaluate -72 + 59 + 3 + -5.
-15
What is (289 - 300) + 25 + 0?
14
Evaluate 0 + (-1 - -2 - (17 + -15)).
-1
Evaluate 3 + -20 + (20 - -19).
22
Calculate -2 - (17 + 0) - (17 + -57 + 37).
-16
Evaluate -4 - (2 - 12 - -12).
-6
Calculate -3 + (6 + 0 - 3) + 7.
7
What is the value of 8 + -1 + -8 + 11 - 7?
3
Calculate 6 + (-16 - -1 - (-45 + 39) - -4).
1
Evaluate 574 - 563 - (-1 + -4).
16
What is the value of 13 + -2 + (109 - 102)?
18
Calculate -2 + 3 - -14 - 5.
10
Evaluate -3 + -8 + 8 + -1.
-4
What is the value of 26 + (-16 - 1) + (-294 - -293)?
8
What is (-9 - -16) + 2 + -10?
-1
What is the value of (0 - -14 - 27) + -9 - -4?
-18
Evaluate 5 - ((-37 - -38) + -2 + 4).
2
Calculate 1 + -7 + (19 - 25).
-12
What is the value of (-8 - -2 - 0) + (10 - (19 - 27))?
12
Evaluate (-10 - (-1 - 1)) + (92 - 96).
-12
What is the value of 0 + 1 + (1 - (4 - 3)) - 4?
-3
Evaluate -14 - (-1 + -3 - (15 - (27 + -9))).
-13
(7 - -3) + -7 - 4 - -3
2
Calculate (0 - -5) + 91 + -102 + (-1 - 9).
-16
Evaluate 12 + (21 + -31 - -8).
10
Calculate -17 + (-15 + 15 - (4 + -8 - 3)).
-10
-15 + (-5 - 10 - -15 - -25)
10
1 + (7 - 0 - (7 - 1 - 2))
4
3 + -9 + 1 + 5 + -13 + 4
-9
Calculate -15 - (-7 - (10 - (7 + 1))).
-6
Evaluate 147 + -190 - (-3 - 7 - 6).
-27
What is -25 + -15 - (-2 - 16)?
-22
(-3 - 7 - -10 - 12) + 31
19
What is the value of -6 + (-3 - (-7 - -14)) + (-3 - -10)?
-9
Evaluate (-17 + 8 - -9) + -66 + 51.
-15
What is the value of 44 + (-28 + 22 - 11) + (1 - -2)?
30
What is the value of 8 + (2 - ((-1 - -5) + -8 + 6))?
8
(44 - 25) + -35 - -27
11
Calculate (29 - 45) + 1 + -2.
-17
What is -12 - (-382 + 394 + (-6 - (2 - 2)))?
-18
Calculate -23 - (-30 - (-28 + 28)).
7
What is the value of 8 + -16 + 14 - 15?
-9
(0 - 8) + (-2 - (-5 + 0))
-5
What is -23 + -18 + 19 + 24?
2
Evaluate (1 - (6 + -10 - 1)) + 7.
13
What is (-1 - (1 + (0 - 7))) + (-456 - -446)?
-5
(16 - (4 + -5)) + -31 + 25
11
Calculate (1 - -18) + -13 - 17.
-11
-10 + (1 - -2) + (10 - 12 - -4)
-5
(182 - 187) + (8 - (-1 - -3)) - 26
-25
What is the value of 3 + 10 - (9 + -15 + 7 + -2)?
14
Calculate -2 + 6 - (-104 - -114).
-6
Evaluate -39 - (-17 + -20 - -30).
-32
Evaluate 56 + -76 - (2 + -17 + 3 - -5).
-13
What is the value of 5 + (2 + (-15 - -8) - -18)?
18
Calculate (-3 + 7 - (-8 - (1 - 6))) + 6.
13
0 - 4 - (13 + -18) - -13
14
Evaluate (-14 - -11) + 31 + (3 - (3 - 1)).
29
Calculate (-24 - -15 - (-4 + -3)) + -4.
-6
Evaluate 6 - (-10 - (-29 + 12) - (-9 + 0)).
-10
Evaluate (-14 - -5) + -2 + 5 + (7 - 1).
0
(23 - (9 + 1 - 2) - 9) + 17
23
What is 2 + (17 - 2) + -1?
16
What is -2 + 2 - -4 - (-310 + 333)?
-19
What is -23 + 4 - (-4 - (6 + (-3 - 1)))?
-13
What is (-3 + 4 - -3) + (3 - (-8 - -16))?
-1
14 + 22 + -10 + -23
3
What is the value of 24 + -24 + (-23 - (5 + 0 - 6))?
-22
Evaluate 38 + -12 + -7 + 8.
27
-16 - (-11 - 4) - (10 + -4)
-7
Calculate -5 - (-23 - (13 + -9 - (0 - 0))).
22
What is 1 + ((2 - 7) + 5 - 6) + 7?
2
Calculate -36 + (1 - -2) + 11 + -7.
-29
Evaluate 0 - (9 - 10) - 16.
-15
9 - -1 - 4 - (-4 + -3 + 14)
-1
What is (1 - -1) + 22 - 1?
23
What is the value of (4 - 12) + (6 - (11 - 14))?
1
What is -11 + -1 + (2 - (7 + (-13 - -5)))?
-9
What is (-8 - (9 - 8 - 3)) + 5 + -7?
-8
What is the value of (-27 - (-28 - -1)) + (-11 - (-1 + 0))?
-10
Calculate -8 - (-8 - (-13 - 5)).
-18
-5 + 22 - (2 + (-2 + 9 - 17))
25
What is the value of -53 - (-33 - -6) - 6?
-32
(-9 - (-2 - 10)) + -3
0
What is 1 + -2 + (317 - 328)?
-12
What is -10 - -1 - (-14 - 26) - (-20 - -15)?
36
What is -30 + 30 + -2 + 6 - -1?
5
Calculate 326 + -337 + (2 - -24).
15
What is -1 + 2 + 53 + -63?
-9
Evaluate -2 + (-7 + 12 - 4 - 5).
-6
What is (17 - 9 - 12) + (-4 - (-4 - 8))?
4
Evaluate 10 + -10 + 6 + -8 - (2 - 24).
20
What is the value of 20 - (-7 + 4 - 3) - (-7 + 13)?
20
-28 + 6 - (-30 - -1)
7
Evaluate -6 + (65 - 14 - 22).
23
Calculate 5 + -17 - ((-3 - (4 - 8)) + -6).
-7
-41 + -3 + (14 - -22)
-8
What is the value of 30 + (2 - -2) + -19?
15
Calculate -13 + (0 - -3) + 0 - (1 + -6).
-5
(5 - 4) + -8 + 3 + 25
21
What is 15 + -9 + (-83 - -54 - (4 + -1))?
-26
What is 39 + (-22 - 37 - -30)?
10
What is the value of -39 - (42 + (17 - 114))?
16
Evaluate (0 - 0 - 9) + (-16 + 4 - -8).
-13
Calculate 46 - (32 + 13 + -16).
17
(-9 - -9) + -18 - (24 + -10)
-32
Evaluate 1 - 1 - -1 - (-173 + 191) - -2.
-15
What is 8 + -5 + 1 + -5 - 0?
-1
Evaluate 53 + -58 - (-6 + 0).
1
(-9 - (-11 + -8 - -6 - -7)) + 3
0
What is the value of -8 + (7 - (-2 + 9)) - (-5 + 2)?
-5
15 - (-22 - (-26 - -1))
12
Calculate 2 - (-22 - (2 + -17 + 11)).
20
5 + (1 - 8) + -16 + 13
-5
Evaluate -10 + 15 + -12 - 0.
-7
Evaluate 3 + -16 + 85 + -60 - -6.
18
What is -20 - 1 - -1 - (-6 - -1)?
-15
(-44 - -9) + 61 + -40
-14
Evaluate -4 + 0 + -1 - (-90 + 37 - -47).
1
Calculate 21 - (4 - (-2 + 3 - 6)).
12
Calculate (-17 - (-4 + 6 + -1)) + 9.
-9
(21 - 44) + 7 - (-3 + 0)
-13
-4 + (4 - -1) + -6 + 10 + -5
0
Calculate -12 - -19 - (-12 + (11 - 9)).
17
Evaluate 2 + 1 + (129 - 123) + 13.
22
Evaluate 6 + (14 - (-11 - -31) - 5).
-5
What is the value of 4 + (8 - 4 - 8) + 2?
2
What is the value of 15 - (-162 + 163 - (-1 + 6))?
19
What is 1 + 23 - (-7 - -23)?
8
Evaluate -3 + -2 + (3 - -1) + 3 + -3.
-1
Calculate 6 + 4 + 3 + -22.
-9
What is the value of 5 + -63 + 70 + (-4 + 2 - 28)?
-18
Evaluate (-633 - -631) + (-11 - 0).
-13
What is the value of -3 + (6 - 12) - (25 + -13) - 4?
-25
What is the value of 24 + -23 + (0 - (8 - 1)) - -12?
6
Calculate (1 - 